{"id":286,"date":"2016-10-31T13:17:59","date_gmt":"2016-10-31T16:17:59","guid":{"rendered":"https:\/\/cpm-scr.infd.edu.ar\/sitio\/?page_id=286"},"modified":"2025-11-25T19:44:50","modified_gmt":"2025-11-25T22:44:50","slug":"inicio","status":"publish","type":"page","link":"https:\/\/cpm-scr.infd.edu.ar\/sitio\/","title":{"rendered":""},"content":{"rendered":"<p style=\"text-align: center;\"><div id=\"metaslider-id-403\" style=\"width: 100%;\" class=\"ml-slider-3-33-0 metaslider metaslider-flex metaslider-403 ml-slider ms-theme-default\" role=\"region\" aria-roledescription=\"Slideshow\" aria-label=\"Slideshow\">\n    <div id=\"metaslider_container_403\">\n        <div id=\"metaslider_403\" class=\"flexslider\">\n            <ul aria-live=\"polite\" class=\"slides\">\n                <li style=\"display: block; width: 100%;\" class=\"slide-607 ms-image\" aria-roledescription=\"slide\" aria-label=\"slide-607\"><a href=\"https:\/\/mapa.infd.edu.ar\/\" target=\"_blank\"><img src=\"https:\/\/cpm-scr.infd.edu.ar\/sitio\/wp-content\/uploads\/2018\/06\/mapa_infd6-1100x200.png\" height=\"200\" width=\"1100\" alt=\"\" class=\"slider-403 slide-607\" title=\"mapa_infd6\" \/><\/a><\/li>\n                <li style=\"display: none; width: 100%;\" class=\"slide-609 ms-image\" aria-roledescription=\"slide\" aria-label=\"slide-609\"><a href=\"https:\/\/www.argentina.gob.ar\/educacion\/becas\" target=\"_blank\"><img src=\"https:\/\/cpm-scr.infd.edu.ar\/sitio\/wp-content\/uploads\/2018\/06\/becas7-1100x200.png\" height=\"200\" width=\"1100\" alt=\"\" class=\"slider-403 slide-609\" title=\"becas7\" \/><\/a><\/li>\n                <li style=\"display: none; width: 100%;\" class=\"slide-635 ms-image\" aria-roledescription=\"slide\" aria-label=\"slide-635\"><a href=\"https:\/\/www.argentina.gob.ar\/tema\/estudiar\/formacion-docencia\" target=\"_blank\"><img src=\"https:\/\/cpm-scr.infd.edu.ar\/sitio\/wp-content\/uploads\/2018\/06\/convocatorias_slide6-1-1100x200.png\" height=\"200\" width=\"1100\" alt=\"\" class=\"slider-403 slide-635\" title=\"convocatorias_slide6-1\" \/><\/a><\/li>\n            <\/ul>\n        <\/div>\n        \n    <\/div>\n<\/div><\/p>\n<hr \/>\n<h2 style=\"text-align: center;\">Ciclo Lectivo 2026<\/h2>\n<p><a href=\"https:\/\/forms.gle\/87jPfhdKcf7FmHNRA\">FORMULARIO (GOOGLE) DE INSCRIPCI\u00d3N 2026<\/a><\/p>\n<p><a href=\"https:\/\/drive.google.com\/file\/d\/1LGkckwL4QVnknUyfs4YTcfNkj2bThJmK\/view?usp=sharing\">FICHA DE INSCRIPCI\u00d3N 2026<\/a><\/p>\n<p><img decoding=\"async\" loading=\"lazy\" class=\"aligncenter\" src=\"https:\/\/cpm-scr.infd.edu.ar\/sitio\/wp-content\/uploads\/2025\/11\/WhatsApp-Image-2025-11-13-at-15.30.55-1.jpeg\" width=\"382\" height=\"388\" \/><\/p>\n<p>\u00a0<\/p>\n<p>Ciclo lectivo 2026, nuestras propuestas de carreras son:<br \/>&#8211; <a href=\"https:\/\/cpm-scr.infd.edu.ar\/sitio\/wp-content\/uploads\/2024\/10\/AV.jpeg\"><strong>Profesorado de Artes Visuales<\/strong><\/a><br \/>&#8211; <a href=\"https:\/\/cpm-scr.infd.edu.ar\/sitio\/wp-content\/uploads\/2025\/11\/P.Musica-Para-compartir-via-internet.-1-1.jpeg\" target=\"_blank\" rel=\"noopener\"><strong>Profesorado de M\u00fasica<\/strong><\/a><br \/>&#8211; <a href=\"https:\/\/cpm-scr.infd.edu.ar\/sitio\/wp-content\/uploads\/2024\/10\/Teatro.jpeg\"><strong>Profesorado de Teatro<\/strong><\/a><\/p>\n<pre>Sede Profesorado de TEATRO y de ARTES VISUALES: Comodoro Py N\u00ba312<\/pre>\n<pre>Sede Profesorado de M\u00daSICA y SECRETAR\u00cdA: Alvear N\u00ba315<\/pre>\n<p>Ante cualquier consulta poder comunicarte con los Coordinadores y\/o Bedeles de cada carrera y de alumnos:<\/p>\n<ul>\n<li>Coordinaci\u00f3n de Artes Visuales: Profesora Marcela Pizarro Mackenzie- <span style=\"font-weight: 400;\">avcoord.ipsarg@gmail.com<\/span>\u00a0<\/li>\n<li>Bedel\u00eda de Artes Visuales: Profesora Gabriela Fern\u00e1ndez &#8211; <span style=\"font-weight: 400;\">bedeliaav.ipsarg@gmail.com<\/span><\/li>\n<li>Coordinaci\u00f3n de M\u00fasica: Profesora Carolina Bahamonde &#8211; <span style=\"font-weight: 400;\">musicacoord.ipsarg@gmail.com<\/span><\/li>\n<li>Bedel\u00eda de M\u00fasica: Profesora Cecilia Oliver- <span style=\"font-weight: 400;\">\u00a0<\/span><span style=\"font-weight: 400;\">bedeliamusica.ipsarg@gmail.com<\/span><\/li>\n<li>Coordinaci\u00f3n de Teatro: Profesora Marysol Machuca- <span style=\"font-weight: 400;\">teatrocoord.ipsarg@gmail.com<\/span><\/li>\n<li>Bedel\u00eda de Teatro: Profesora <span style=\"font-weight: 400;\">Mariana Oyarzun<\/span> &#8211; <span style=\"font-weight: 400;\">\u00a0<\/span><span style=\"font-weight: 400;\">bedeliateatro.ipsarg@gmail.com<\/span><\/li>\n<li>Coordinaci\u00f3n de alumnos: Profesor Lucio Barria &#8211; coordinacionestudiantilipsa@gmail.com<\/li>\n<\/ul>\n<p style=\"text-align: center;\"><span style=\"color: #ff0000;\"><strong>Record\u00e1 que en febrero ten\u00e9s que traer la documentaci\u00f3n solicitada en formato papel!<\/strong><\/span><\/p>\n<p>Seguinos en las redes:<\/p>\n<p><a href=\"https:\/\/www.facebook.com\/ipsa.rectoria.7\">Facebook<\/a><\/p>\n<p><a href=\"https:\/\/instagram.com\/ipsariogallegos?igshid=OGQ5ZDc2ODk2ZA==\">Instagram<\/a><\/p>\n\n\n<p><\/p>\n\n\n\n<hr class=\"wp-block-separator has-alpha-channel-opacity\"\/>\n\n\n\n<p><\/p>\n\n\n\n<hr class=\"wp-block-separator has-alpha-channel-opacity\"\/>\n\n\n\n<figure class=\"wp-block-image\"><img alt=\"\"\/><\/figure>\n\n\n\n<figure class=\"wp-block-gallery has-nested-images columns-default is-cropped wp-block-gallery-1 is-layout-flex\"><\/figure>\n","protected":false},"excerpt":{"rendered":"<p>Ciclo Lectivo 2026 FORMULARIO (GOOGLE) DE INSCRIPCI\u00d3N 2026 FICHA DE INSCRIPCI\u00d3N 2026 \u00a0 Ciclo lectivo 2026, nuestras propuestas de carreras son:&#8211; Profesorado de Artes Visuales&#8211; Profesorado de M\u00fasica&#8211; Profesorado de Teatro Sede Profesorado de TEATRO y de ARTES VISUALES: Comodoro Py N\u00ba312 Sede Profesorado de M\u00daSICA y SECRETAR\u00cdA: Alvear N\u00ba315 Ante cualquier consulta poder comunicarte &#8230; <a title=\"\" class=\"read-more\" href=\"https:\/\/cpm-scr.infd.edu.ar\/sitio\/\" aria-label=\"More on \">[+]<\/a><\/p>\n","protected":false},"author":366,"featured_media":0,"parent":0,"menu_order":0,"comment_status":"closed","ping_status":"closed","template":"","meta":[],"acf":[],"_links":{"self":[{"href":"https:\/\/cpm-scr.infd.edu.ar\/sitio\/wp-json\/wp\/v2\/pages\/286"}],"collection":[{"href":"https:\/\/cpm-scr.infd.edu.ar\/sitio\/wp-json\/wp\/v2\/pages"}],"about":[{"href":"https:\/\/cpm-scr.infd.edu.ar\/sitio\/wp-json\/wp\/v2\/types\/page"}],"author":[{"embeddable":true,"href":"https:\/\/cpm-scr.infd.edu.ar\/sitio\/wp-json\/wp\/v2\/users\/366"}],"replies":[{"embeddable":true,"href":"https:\/\/cpm-scr.infd.edu.ar\/sitio\/wp-json\/wp\/v2\/comments?post=286"}],"version-history":[{"count":236,"href":"https:\/\/cpm-scr.infd.edu.ar\/sitio\/wp-json\/wp\/v2\/pages\/286\/revisions"}],"predecessor-version":[{"id":1553,"href":"https:\/\/cpm-scr.infd.edu.ar\/sitio\/wp-json\/wp\/v2\/pages\/286\/revisions\/1553"}],"wp:attachment":[{"href":"https:\/\/cpm-scr.infd.edu.ar\/sitio\/wp-json\/wp\/v2\/media?parent=286"}],"curies":[{"name":"wp","href":"https:\/\/api.w.org\/{rel}","templated":true}]}}